{"id":11,"date":"2026-02-20T09:22:24","date_gmt":"2026-02-20T08:22:24","guid":{"rendered":"https:\/\/lisafehringer.studentsweb.at\/?page_id=11"},"modified":"2026-03-27T09:53:25","modified_gmt":"2026-03-27T08:53:25","slug":"home","status":"publish","type":"page","link":"https:\/\/lisafehringer.studentsweb.at\/","title":{"rendered":"HOME"},"content":{"rendered":"\n<h2 class=\"wp-block-heading\">Willkommen beim LAC BMD Amateure Steyr!<\/h2>\n\n\n\n<p>Sch\u00f6n, dass du zu uns gefunden hast. Bei uns findest du fast in jeder Leichtathletik-Disziplin einen Trainingspartner. Auf der Sportanlage in Steyr-Rennbahnweg stehen Ger\u00e4te und Bahnen f\u00fcr alle Disziplinen zur Verf\u00fcgung. Spitzentrainer mit viel Erfahrung unterst\u00fctzen dich beim Training und im Wettkampf!<\/p>\n\n\n<style>.kb-gallery-id-11_55ea11-ad .kadence-blocks-gallery-item .kb-gal-image-radius, .kb-gallery-id-11_55ea11-ad .kb-slide-item .kb-gal-image-radius img{border-radius:0px 0px 0px 0px;;}.kb-gallery-caption-style-bottom.kb-gallery-id-11_55ea11-ad .kadence-blocks-gallery-item .kadence-blocks-gallery-item-inner .kadence-blocks-gallery-item__caption, .kb-gallery-caption-style-bottom-hover.kb-gallery-id-11_55ea11-ad .kadence-blocks-gallery-item .kadence-blocks-gallery-item-inner .kadence-blocks-gallery-item__caption{background:linear-gradient(0deg, rgba(0, 0, 0, 0.8) 0, rgba(0, 0, 0, 0) 100%);}.kb-gallery-wrap-id-11_55ea11-ad.wp-block-kadence-advancedgallery{overflow:visible;}.kb-gallery-wrap-id-11_55ea11-ad.wp-block-kadence-advancedgallery .kt-blocks-carousel{overflow:visible;}<\/style><div class=\"kb-gallery-wrap-id-11_55ea11-ad alignnone wp-block-kadence-advancedgallery\"><div class=\"kb-gallery-ul kb-gallery-non-static kb-gallery-type-slider kb-gallery-id-11_55ea11-ad kb-gallery-caption-style-bottom-hover kb-gallery-filter-none\" data-image-filter=\"none\" data-lightbox-caption=\"true\"><div class=\"kt-blocks-carousel splide kt-carousel-container-dotstyle-dark kt-carousel-arrowstyle-blackonlight kt-carousel-dotstyle-dark kb-slider-group-arrow kb-slider-arrow-position-center\" data-slider-anim-speed=\"5500\" data-slider-scroll=\"1\" data-slider-arrows=\"true\" data-slider-fade=\"false\" data-slider-dots=\"true\" data-slider-type=\"slider\" data-slider-hover-pause=\"false\" data-slider-auto=\"1\" data-slider-speed=\"15000\" data-show-pause-button=\"false\"><div class=\"splide__track\"><ul class=\"kt-blocks-carousel-init kb-blocks-slider splide__list\"><li class=\"kb-slide-item kb-gallery-slide-item splide__slide\"><div class=\"kadence-blocks-gallery-item\"><div class=\"kadence-blocks-gallery-item-inner\"><figure class=\"kb-gallery-figure kadence-blocks-gallery-item-has-caption\"><div class=\"kb-gal-image-radius\"><div class=\"kb-gallery-image-contain kadence-blocks-gallery-intrinsic kb-gallery-image-ratio-land169 kb-has-image-ratio-land169\" ><img loading=\"lazy\" decoding=\"async\" src=\"https:\/\/lisafehringer.studentsweb.at\/wp-content\/uploads\/2026\/03\/Tobias_Rattinger-1024x683.jpg\" width=\"1024\" height=\"683\" alt=\"Tobias Rattinger\" data-full-image=\"https:\/\/lisafehringer.studentsweb.at\/wp-content\/uploads\/2026\/03\/Tobias_Rattinger.jpg\" data-light-image=\"https:\/\/lisafehringer.studentsweb.at\/wp-content\/uploads\/2026\/03\/Tobias_Rattinger.jpg\" data-id=\"113\" class=\"wp-image-113 skip-lazy\" srcset=\"https:\/\/lisafehringer.studentsweb.at\/wp-content\/uploads\/2026\/03\/Tobias_Rattinger-1024x683.jpg 1024w, https:\/\/lisafehringer.studentsweb.at\/wp-content\/uploads\/2026\/03\/Tobias_Rattinger-300x200.jpg 300w, https:\/\/lisafehringer.studentsweb.at\/wp-content\/uploads\/2026\/03\/Tobias_Rattinger-768x512.jpg 768w, https:\/\/lisafehringer.studentsweb.at\/wp-content\/uploads\/2026\/03\/Tobias_Rattinger-1536x1024.jpg 1536w, https:\/\/lisafehringer.studentsweb.at\/wp-content\/uploads\/2026\/03\/Tobias_Rattinger.jpg 2048w\" sizes=\"auto, (max-width: 1024px) 100vw, 1024px\" \/><\/div><div class=\"kadence-blocks-gallery-item__caption\">Tobias<\/div><\/div><\/figure><\/div><\/div><\/li><li class=\"kb-slide-item kb-gallery-slide-item splide__slide\"><div class=\"kadence-blocks-gallery-item\"><div class=\"kadence-blocks-gallery-item-inner\"><figure class=\"kb-gallery-figure kadence-blocks-gallery-item-has-caption\"><div class=\"kb-gal-image-radius\"><div class=\"kb-gallery-image-contain kadence-blocks-gallery-intrinsic kb-gallery-image-ratio-land169 kb-has-image-ratio-land169\" ><img loading=\"lazy\" decoding=\"async\" src=\"https:\/\/lisafehringer.studentsweb.at\/wp-content\/uploads\/2026\/03\/Lisa_Gruber-1024x683.jpg\" width=\"1024\" height=\"683\" alt=\"Lisa Gruber\" data-full-image=\"https:\/\/lisafehringer.studentsweb.at\/wp-content\/uploads\/2026\/03\/Lisa_Gruber.jpg\" data-light-image=\"https:\/\/lisafehringer.studentsweb.at\/wp-content\/uploads\/2026\/03\/Lisa_Gruber.jpg\" data-id=\"112\" class=\"wp-image-112 skip-lazy\" srcset=\"https:\/\/lisafehringer.studentsweb.at\/wp-content\/uploads\/2026\/03\/Lisa_Gruber-1024x683.jpg 1024w, https:\/\/lisafehringer.studentsweb.at\/wp-content\/uploads\/2026\/03\/Lisa_Gruber-300x200.jpg 300w, https:\/\/lisafehringer.studentsweb.at\/wp-content\/uploads\/2026\/03\/Lisa_Gruber-768x512.jpg 768w, https:\/\/lisafehringer.studentsweb.at\/wp-content\/uploads\/2026\/03\/Lisa_Gruber-1536x1024.jpg 1536w, https:\/\/lisafehringer.studentsweb.at\/wp-content\/uploads\/2026\/03\/Lisa_Gruber.jpg 2048w\" sizes=\"auto, (max-width: 1024px) 100vw, 1024px\" \/><\/div><div class=\"kadence-blocks-gallery-item__caption\">Lisa<\/div><\/div><\/figure><\/div><\/div><\/li><li class=\"kb-slide-item kb-gallery-slide-item splide__slide\"><div class=\"kadence-blocks-gallery-item\"><div class=\"kadence-blocks-gallery-item-inner\"><figure class=\"kb-gallery-figure kadence-blocks-gallery-item-has-caption\"><div class=\"kb-gal-image-radius\"><div class=\"kb-gallery-image-contain kadence-blocks-gallery-intrinsic kb-gallery-image-ratio-land169 kb-has-image-ratio-land169\" ><img loading=\"lazy\" decoding=\"async\" src=\"https:\/\/lisafehringer.studentsweb.at\/wp-content\/uploads\/2026\/03\/Florian_Huemer-1024x683.jpg\" width=\"1024\" height=\"683\" alt=\"Florian\" data-full-image=\"https:\/\/lisafehringer.studentsweb.at\/wp-content\/uploads\/2026\/03\/Florian_Huemer.jpg\" data-light-image=\"https:\/\/lisafehringer.studentsweb.at\/wp-content\/uploads\/2026\/03\/Florian_Huemer.jpg\" data-id=\"90\" class=\"wp-image-90 skip-lazy\" srcset=\"https:\/\/lisafehringer.studentsweb.at\/wp-content\/uploads\/2026\/03\/Florian_Huemer-1024x683.jpg 1024w, https:\/\/lisafehringer.studentsweb.at\/wp-content\/uploads\/2026\/03\/Florian_Huemer-300x200.jpg 300w, https:\/\/lisafehringer.studentsweb.at\/wp-content\/uploads\/2026\/03\/Florian_Huemer-768x512.jpg 768w, https:\/\/lisafehringer.studentsweb.at\/wp-content\/uploads\/2026\/03\/Florian_Huemer-1536x1024.jpg 1536w, https:\/\/lisafehringer.studentsweb.at\/wp-content\/uploads\/2026\/03\/Florian_Huemer.jpg 2048w\" sizes=\"auto, (max-width: 1024px) 100vw, 1024px\" \/><\/div><div class=\"kadence-blocks-gallery-item__caption\">Florian<\/div><\/div><\/figure><\/div><\/div><\/li><li class=\"kb-slide-item kb-gallery-slide-item splide__slide\"><div class=\"kadence-blocks-gallery-item\"><div class=\"kadence-blocks-gallery-item-inner\"><figure class=\"kb-gallery-figure kadence-blocks-gallery-item-has-caption\"><div class=\"kb-gal-image-radius\"><div class=\"kb-gallery-image-contain kadence-blocks-gallery-intrinsic kb-gallery-image-ratio-land169 kb-has-image-ratio-land169\" ><img loading=\"lazy\" decoding=\"async\" src=\"https:\/\/lisafehringer.studentsweb.at\/wp-content\/uploads\/2026\/03\/Christian_Fehringer-1024x768.jpg\" width=\"1024\" height=\"768\" alt=\"Christian Fehringer\" data-full-image=\"https:\/\/lisafehringer.studentsweb.at\/wp-content\/uploads\/2026\/03\/Christian_Fehringer.jpg\" data-light-image=\"https:\/\/lisafehringer.studentsweb.at\/wp-content\/uploads\/2026\/03\/Christian_Fehringer.jpg\" data-id=\"110\" class=\"wp-image-110 skip-lazy\" srcset=\"https:\/\/lisafehringer.studentsweb.at\/wp-content\/uploads\/2026\/03\/Christian_Fehringer-1024x768.jpg 1024w, https:\/\/lisafehringer.studentsweb.at\/wp-content\/uploads\/2026\/03\/Christian_Fehringer-300x225.jpg 300w, https:\/\/lisafehringer.studentsweb.at\/wp-content\/uploads\/2026\/03\/Christian_Fehringer-768x576.jpg 768w, https:\/\/lisafehringer.studentsweb.at\/wp-content\/uploads\/2026\/03\/Christian_Fehringer-1536x1152.jpg 1536w, https:\/\/lisafehringer.studentsweb.at\/wp-content\/uploads\/2026\/03\/Christian_Fehringer.jpg 2048w\" sizes=\"auto, (max-width: 1024px) 100vw, 1024px\" \/><\/div><div class=\"kadence-blocks-gallery-item__caption\">Christian<\/div><\/div><\/figure><\/div><\/div><\/li><li class=\"kb-slide-item kb-gallery-slide-item splide__slide\"><div class=\"kadence-blocks-gallery-item\"><div class=\"kadence-blocks-gallery-item-inner\"><figure class=\"kb-gallery-figure kadence-blocks-gallery-item-has-caption\"><div class=\"kb-gal-image-radius\"><div class=\"kb-gallery-image-contain kadence-blocks-gallery-intrinsic kb-gallery-image-ratio-land169 kb-has-image-ratio-land169\" ><img loading=\"lazy\" decoding=\"async\" src=\"https:\/\/lisafehringer.studentsweb.at\/wp-content\/uploads\/2026\/03\/Daniel_Rattinger-1024x683.jpg\" width=\"1024\" height=\"683\" alt=\"Daniel Rattinger\" data-full-image=\"https:\/\/lisafehringer.studentsweb.at\/wp-content\/uploads\/2026\/03\/Daniel_Rattinger.jpg\" data-light-image=\"https:\/\/lisafehringer.studentsweb.at\/wp-content\/uploads\/2026\/03\/Daniel_Rattinger.jpg\" data-id=\"111\" class=\"wp-image-111 skip-lazy\" srcset=\"https:\/\/lisafehringer.studentsweb.at\/wp-content\/uploads\/2026\/03\/Daniel_Rattinger-1024x683.jpg 1024w, https:\/\/lisafehringer.studentsweb.at\/wp-content\/uploads\/2026\/03\/Daniel_Rattinger-300x200.jpg 300w, https:\/\/lisafehringer.studentsweb.at\/wp-content\/uploads\/2026\/03\/Daniel_Rattinger-768x512.jpg 768w, https:\/\/lisafehringer.studentsweb.at\/wp-content\/uploads\/2026\/03\/Daniel_Rattinger-1536x1024.jpg 1536w, https:\/\/lisafehringer.studentsweb.at\/wp-content\/uploads\/2026\/03\/Daniel_Rattinger.jpg 2048w\" sizes=\"auto, (max-width: 1024px) 100vw, 1024px\" \/><\/div><div class=\"kadence-blocks-gallery-item__caption\">Daniel<\/div><\/div><\/figure><\/div><\/div><\/li><li class=\"kb-slide-item kb-gallery-slide-item splide__slide\"><div class=\"kadence-blocks-gallery-item\"><div class=\"kadence-blocks-gallery-item-inner\"><figure class=\"kb-gallery-figure kadence-blocks-gallery-item-has-caption\"><div class=\"kb-gal-image-radius\"><div class=\"kb-gallery-image-contain kadence-blocks-gallery-intrinsic kb-gallery-image-ratio-land169 kb-has-image-ratio-land169\" ><img loading=\"lazy\" decoding=\"async\" src=\"https:\/\/lisafehringer.studentsweb.at\/wp-content\/uploads\/2026\/03\/Viona_Knoll-1024x683.jpg\" width=\"1024\" height=\"683\" alt=\"Viona\" data-full-image=\"https:\/\/lisafehringer.studentsweb.at\/wp-content\/uploads\/2026\/03\/Viona_Knoll.jpg\" data-light-image=\"https:\/\/lisafehringer.studentsweb.at\/wp-content\/uploads\/2026\/03\/Viona_Knoll.jpg\" data-id=\"91\" class=\"wp-image-91 skip-lazy\" srcset=\"https:\/\/lisafehringer.studentsweb.at\/wp-content\/uploads\/2026\/03\/Viona_Knoll-1024x683.jpg 1024w, https:\/\/lisafehringer.studentsweb.at\/wp-content\/uploads\/2026\/03\/Viona_Knoll-300x200.jpg 300w, https:\/\/lisafehringer.studentsweb.at\/wp-content\/uploads\/2026\/03\/Viona_Knoll-768x512.jpg 768w, https:\/\/lisafehringer.studentsweb.at\/wp-content\/uploads\/2026\/03\/Viona_Knoll-1536x1024.jpg 1536w, https:\/\/lisafehringer.studentsweb.at\/wp-content\/uploads\/2026\/03\/Viona_Knoll.jpg 2048w\" sizes=\"auto, (max-width: 1024px) 100vw, 1024px\" \/><\/div><div class=\"kadence-blocks-gallery-item__caption\">Viona<\/div><\/div><\/figure><\/div><\/div><\/li><\/ul><\/div><\/div><\/div><\/div>\n\n\n<h2 class=\"wp-block-heading\">Neueste Beitr\u00e4ge<\/h2>\n\n\n<style>.kb-posts-id-11_18ce6c-aa .kb-post-list-item{display:grid;}<\/style><ul class=\"wp-block-kadence-posts kb-posts kadence-posts-list kb-posts-id-11_18ce6c-aa content-wrap grid-cols kb-posts-style-boxed grid-sm-col-2 grid-lg-col-3 item-image-style-above\"><li class=\"kb-post-list-item\">\n\t<article class=\"entry content-bg loop-entry post-160 post type-post status-publish format-standard hentry category-uncategorized\">\n\t\t\t\t<div class=\"entry-content-wrap\">\n\t\t\t<header class=\"entry-header\">\n\t<h3 class=\"entry-title\"><a href=\"https:\/\/lisafehringer.studentsweb.at\/?p=160\" rel=\"bookmark\">Rattinger mit Bestzeit in Monaco<\/a><\/h3><\/header><!-- .entry-header -->\n\t<div class=\"entry-summary\">\n\t\t<p>Tobias Rattinger hat beim 5-km-Stra\u00dfenlauf in Monaco mit einer starken Leistung \u00fcberzeugt. In 13:54 Minuten lief unser Athlet pers\u00f6nliche Bestzeit, belegte Rang 13 und schob sich damit auf Platz drei der ewigen \u00d6LV-Bestenliste nach vorne. Auf dem schnellen Kurs mit&#8230;<\/p>\n\t<\/div><!-- .entry-summary -->\n\t<footer class=\"entry-footer\">\n\t\t\t<div class=\"entry-actions\">\n\t\t\t<p class=\"more-link-wrap\">\n\t\t\t\t<a href=\"https:\/\/lisafehringer.studentsweb.at\/?p=160\" class=\"post-more-link\">\n\t\t\t\t\tWeiterlesen<span class=\"screen-reader-text\"> Rattinger mit Bestzeit in Monaco<\/span><span class=\"kadence-svg-iconset svg-baseline\"><svg aria-hidden=\"true\" class=\"kadence-svg-icon kadence-arrow-right-alt-svg\" fill=\"currentColor\" version=\"1.1\" xmlns=\"http:\/\/www.w3.org\/2000\/svg\" width=\"27\" height=\"28\" viewBox=\"0 0 27 28\"><title>Continue<\/title><path d=\"M27 13.953c0 0.141-0.063 0.281-0.156 0.375l-6 5.531c-0.156 0.141-0.359 0.172-0.547 0.094-0.172-0.078-0.297-0.25-0.297-0.453v-3.5h-19.5c-0.281 0-0.5-0.219-0.5-0.5v-3c0-0.281 0.219-0.5 0.5-0.5h19.5v-3.5c0-0.203 0.109-0.375 0.297-0.453s0.391-0.047 0.547 0.078l6 5.469c0.094 0.094 0.156 0.219 0.156 0.359v0z\"><\/path>\n\t\t\t<\/svg><\/span>\t\t\t\t<\/a>\n\t\t\t<\/p>\n\t\t<\/div><!-- .entry-actions -->\n\t\t<\/footer><!-- .entry-footer -->\t\t<\/div>\n\t<\/article>\n<\/li>\n<li class=\"kb-post-list-item\">\n\t<article class=\"entry content-bg loop-entry post-123 post type-post status-publish format-standard has-post-thumbnail hentry category-uncategorized\">\n\t\t\t\t<a aria-hidden=\"true\" tabindex=\"-1\" role=\"presentation\" class=\"post-thumbnail kadence-thumbnail-ratio-2-3\" href=\"https:\/\/lisafehringer.studentsweb.at\/?p=123\" aria-label=\"Mutig attackiert, stark gek\u00e4mpft \u2013 Flora Heiml holt U20-Silber \u00fcber 800 Meter\">\n\t\t\t<div class=\"post-thumbnail-inner\">\n\t\t\t\t<img loading=\"lazy\" decoding=\"async\" width=\"768\" height=\"512\" src=\"https:\/\/lisafehringer.studentsweb.at\/wp-content\/uploads\/2026\/03\/Beitragsbild_1-768x512.jpg\" class=\"attachment-medium_large size-medium_large wp-post-image\" alt=\"Flora\" srcset=\"https:\/\/lisafehringer.studentsweb.at\/wp-content\/uploads\/2026\/03\/Beitragsbild_1-768x512.jpg 768w, https:\/\/lisafehringer.studentsweb.at\/wp-content\/uploads\/2026\/03\/Beitragsbild_1-300x200.jpg 300w, https:\/\/lisafehringer.studentsweb.at\/wp-content\/uploads\/2026\/03\/Beitragsbild_1-1024x683.jpg 1024w, https:\/\/lisafehringer.studentsweb.at\/wp-content\/uploads\/2026\/03\/Beitragsbild_1-1536x1024.jpg 1536w, https:\/\/lisafehringer.studentsweb.at\/wp-content\/uploads\/2026\/03\/Beitragsbild_1.jpg 2048w\" sizes=\"auto, (max-width: 768px) 100vw, 768px\" \/>\t\t\t<\/div>\n\t\t<\/a><!-- .post-thumbnail -->\n\t\t\t\t<div class=\"entry-content-wrap\">\n\t\t\t<header class=\"entry-header\">\n\t<h3 class=\"entry-title\"><a href=\"https:\/\/lisafehringer.studentsweb.at\/?p=123\" rel=\"bookmark\">Mutig attackiert, stark gek\u00e4mpft \u2013 Flora Heiml holt U20-Silber \u00fcber 800 Meter<\/a><\/h3><\/header><!-- .entry-header -->\n\t<div class=\"entry-summary\">\n\t\t<p>Bei den \u00d6sterreichischen U20-Meisterschaften \u00fcber 800 Meter zeigte Flora Heiml ein mutiges und taktisch kluges Rennen, das am Ende mit Silber belohnt wurde. Wie im 800-Meter-Lauf \u00fcblich, gingen die Athletinnen die ersten 200 Meter in ihren Bahnen an. Flora fand&#8230;<\/p>\n\t<\/div><!-- .entry-summary -->\n\t<footer class=\"entry-footer\">\n\t\t\t<div class=\"entry-actions\">\n\t\t\t<p class=\"more-link-wrap\">\n\t\t\t\t<a href=\"https:\/\/lisafehringer.studentsweb.at\/?p=123\" class=\"post-more-link\">\n\t\t\t\t\tWeiterlesen<span class=\"screen-reader-text\"> Mutig attackiert, stark gek\u00e4mpft \u2013 Flora Heiml holt U20-Silber \u00fcber 800 Meter<\/span><span class=\"kadence-svg-iconset svg-baseline\"><svg aria-hidden=\"true\" class=\"kadence-svg-icon kadence-arrow-right-alt-svg\" fill=\"currentColor\" version=\"1.1\" xmlns=\"http:\/\/www.w3.org\/2000\/svg\" width=\"27\" height=\"28\" viewBox=\"0 0 27 28\"><title>Continue<\/title><path d=\"M27 13.953c0 0.141-0.063 0.281-0.156 0.375l-6 5.531c-0.156 0.141-0.359 0.172-0.547 0.094-0.172-0.078-0.297-0.25-0.297-0.453v-3.5h-19.5c-0.281 0-0.5-0.219-0.5-0.5v-3c0-0.281 0.219-0.5 0.5-0.5h19.5v-3.5c0-0.203 0.109-0.375 0.297-0.453s0.391-0.047 0.547 0.078l6 5.469c0.094 0.094 0.156 0.219 0.156 0.359v0z\"><\/path>\n\t\t\t<\/svg><\/span>\t\t\t\t<\/a>\n\t\t\t<\/p>\n\t\t<\/div><!-- .entry-actions -->\n\t\t<\/footer><!-- .entry-footer -->\t\t<\/div>\n\t<\/article>\n<\/li>\n<\/ul>","protected":false},"excerpt":{"rendered":"<p>Willkommen beim LAC BMD Amateure Steyr! Sch\u00f6n, dass du zu uns gefunden hast. Bei uns findest du fast in jeder Leichtathletik-Disziplin einen Trainingspartner. Auf der Sportanlage in Steyr-Rennbahnweg stehen Ger\u00e4te und Bahnen f\u00fcr alle Disziplinen zur Verf\u00fcgung. Spitzentrainer mit viel Erfahrung unterst\u00fctzen dich beim Training und im Wettkampf! Neueste Beitr\u00e4ge<\/p>\n","protected":false},"author":1,"featured_media":0,"parent":0,"menu_order":0,"comment_status":"closed","ping_status":"closed","template":"","meta":{"_kad_post_transparent":"","_kad_post_title":"","_kad_post_layout":"","_kad_post_sidebar_id":"","_kad_post_content_style":"","_kad_post_vertical_padding":"","_kad_post_feature":"","_kad_post_feature_position":"","_kad_post_header":false,"_kad_post_footer":false,"_kad_post_classname":"","footnotes":""},"class_list":["post-11","page","type-page","status-publish","hentry"],"_links":{"self":[{"href":"https:\/\/lisafehringer.studentsweb.at\/index.php?rest_route=\/wp\/v2\/pages\/11","targetHints":{"allow":["GET"]}}],"collection":[{"href":"https:\/\/lisafehringer.studentsweb.at\/index.php?rest_route=\/wp\/v2\/pages"}],"about":[{"href":"https:\/\/lisafehringer.studentsweb.at\/index.php?rest_route=\/wp\/v2\/types\/page"}],"author":[{"embeddable":true,"href":"https:\/\/lisafehringer.studentsweb.at\/index.php?rest_route=\/wp\/v2\/users\/1"}],"replies":[{"embeddable":true,"href":"https:\/\/lisafehringer.studentsweb.at\/index.php?rest_route=%2Fwp%2Fv2%2Fcomments&post=11"}],"version-history":[{"count":25,"href":"https:\/\/lisafehringer.studentsweb.at\/index.php?rest_route=\/wp\/v2\/pages\/11\/revisions"}],"predecessor-version":[{"id":159,"href":"https:\/\/lisafehringer.studentsweb.at\/index.php?rest_route=\/wp\/v2\/pages\/11\/revisions\/159"}],"wp:attachment":[{"href":"https:\/\/lisafehringer.studentsweb.at\/index.php?rest_route=%2Fwp%2Fv2%2Fmedia&parent=11"}],"curies":[{"name":"wp","href":"https:\/\/api.w.org\/{rel}","templated":true}]}}